5
Convert -22103221 (base 4) to base 13.
-162a6
-3689 (base 12) to base 10
-6153
What is 3111 (base 9) in base 15?
a1d
What is 14042 (base 7) in base 16?
edb
Convert 304 (base 5) to base 3.
2221
Convert 153453 (base 7) to base 3.
1112020220
190 (base 11) to base 13
13c
1112030 (base 4) to base 16
158c
Convert -2182a (base 12) to base 16.
-ad62
Convert 607a (base 12) to base 16.
28de
-55451 (base 6) to base 16
-1e37
What is -1718 (base 9) in base 6?
-10025
Convert -3a5 (base 14) to base 15.
-33d
Convert -d5d (base 14) to base 16.
-a47
524 (base 8) to base 4
11110
Convert 103651 (base 7) to base 2.
100011011110110
Convert -241 (base 15) to base 4.
-13333
77 (base 13) to base 4
1202
What is -2b5 (base 12) in base 16?
-1a9
What is 110011000 (base 2) in base 8?
630
Convert 229 (base 14) to base 12.
2b9
Convert -3dc9 (base 15) to base 8.
-31667
27d6 (base 15) to base 9
12623
Convert 1012122021 (base 3) to base 11.
16971
Convert 10311312 (base 4) to base 9.
30173
-10767 (base 14) to base 3
-2000201000
Convert 159 (base 16) to base 14.
1a9
Convert 12010100 (base 3) to base 4.
322113
-3344 (base 16) to base 7
-53156
What is 2c40 (base 16) in base 13?
5205
Convert 1010111111111101 (base 2) to base 12.
220a5
Convert 30d (base 14) to base 8.
1131
-1cc (base 16) to base 6
-2044
What is -51aa (base 13) in base 8?
-26036
What is -40b (base 15) in base 7?
-2441
309 (base 15) to base 16
2ac
33133 (base 4) to base 15
461
Convert -3136 (base 8) to base 15.
-73a
Convert 13277 (base 8) to base 14.
219d
-1334 (base 7) to base 12
-36b
Convert 24 (base 15) to base 10.
34
Convert -1010010111011 (base 2) to base 11.
-3a95
Convert -11001000101 (base 2) to base 6.
-11233
What is 440231 (base 5) in base 2?
11101011011010
-11011100100100 (base 2) to base 7
-56104
Convert -2952 (base 14) to base 12.
-42a4
Convert 5023 (base 8) to base 6.
15535
What is 44444 (base 6) in base 4?
1201030
What is -4305 (base 9) in base 12?
-19b8
What is -100433 (base 5) in base 15?
-e63
Convert 3a4 (base 14) to base 11.
606
What is -25932 (base 13) in base 8?
-210045
111120001 (base 3) to base 11
7475
Convert 163 (base 13) to base 2.
11111010
34200 (base 7) to base 16
21e1
What is 510 (base 6) in base 14?
d4
Convert -54361 (base 10) to base 7.
-314326
9b (base 12) to base 14
87
What is 178bc (base 14) in base 15?
128c3
-20403 (base 9) to base 6
-142133
Convert -11241 (base 5) to base 8.
-1465
Convert -101010011111 (base 2) to base 14.
-dc3
-45287 (base 9) to base 12
-1552a
What is 4222 (base 7) in base 9?
2031
What is 3a3 (base 13) in base 12?
454
Convert -100000010 (base 2) to base 15.
-123
Convert -e2ac (base 16) to base 9.
-87535
Convert -11111000011101 (base 2) to base 5.
-1002101
-349 (base 13) to base 10
-568
Convert 3914 (base 13) to base 12.
4855
Convert 755 (base 11) to base 15.
407
Convert -1532 (base 11) to base 4.
-132303
Convert b2 (base 15) to base 16.
a7
-5eb (base 16) to base 14
-7a3
Convert 1644 (base 12) to base 4.
221110
Convert 10312203 (base 4) to base 5.
1114000
Convert -10126 (base 11) to base 6.
-152250
Convert -36831 (base 9) to base 6.
-310301
What is 102355 (base 6) in base 16?
209f
-1010011000111 (base 2) to base 13
-2562
-303036 (base 7) to base 12
-25959
Convert 4554 (base 6) to base 10.
1078
-1112201 (base 3) to base 7
-3166
Convert 403 (base 14) to base 10.
787
What is -d53 (base 15) in base 13?
-14a0
Convert -a123 (base 11) to base 6.
-142144
What is -13534 (base 11) in base 14?
-704c
What is -4783 (base 9) in base 14?
-1422
What is -2305 (base 7) in base 16?
-346
Convert -155 (base 13) to base 2.
-11101111
What is -b6 (base 13) in base 9?
-175
What is -12807 (base 10) in base 2?
-11001000000111
a3 (base 15) to base 11
12a
What is -2566 (base 7) in base 16?
-3d3
Convert 404011 (base 5) to base 13.
5bc6
What is 21773 (base 9) in base 15?
4459
What is -13ec (base 15) in base 14?
-17b2
-45b (base 14) to base 3
-1012001
-102200 (base 6) to base 10
-8280
-74662 (base 10) to base 11
-51105
-9c96 (base 14) to base 8
-65054
20203 (base 5) to base 2
10100010111
6623 (base 10) to base 6
50355
What is 1010000101111 (base 2) in base 10?
5167
Convert 10101022222 (base 3) to base 8.
202025
What is -22101 (base 4) in base 10?
-657
What is 1000111100110010 (base 2) in base 7?
211606
101111000 (base 2) to base 11
312
Convert 140166 (base 7) to base 6.
322420
1202222111 (base 3) to base 16
88a2
-4001130 (base 5) to base 12
-30321
-41176 (base 9) to base 13
-c465
What is -10010010 (base 2) in base 11?
-123
What is -26950 (base 11) in base 2?
-1001011000001100
What is -1300 (base 5) in base 13?
-125
-10250 (base 7) to base 16
-9e6
Convert -183 (base 11) to base 10.
-212
13003332 (base 4) to base 13
10221
-2340 (base 6) to base 2
-1000110100
What is -122323 (base 4) in base 9?
-2324
Convert -1665 (base 8) to base 3.
-1022011
Convert 21110211 (base 3) to base 11.
4104
26006 (base 12) to base 9
78106
Convert -410 (base 8) to base 3.
-100210
What is -1ac7 (base 14) in base 6?
-34331
-213bc (base 14) to base 15
-18c05
What is 4170 (base 9) in base 7?
11631
Convert -1100 (base 7) to base 4.
-12020
5a47 (base 16) to base 11
16400
-13232 (base 6) to base 13
-c08
Convert -3577 (base 10) to base 11.
-2762
What is -3b052 (base 12) in base 5?
-10100103
What is -50253 (base 8) in base 9?
-31285
What is -bba (base 15) in base 11?
-1a9a
What is -4361 (base 13) in base 7?
-36221
Convert 100100100111 (base 2) to base 3.
10012210
What is 333 (base 12) in base 15?
216
What is -22a55 (base 11) in base 13?
-1216c
What is 3330 (base 4) in base 3?
100100
Convert -18bc (base 13) to base 8.
-7170
Convert -1340 (base 7) to base 10.
-518
-6240 (base 11) to base 16
-2050
22bb (base 12) to base 13
1a00
-53344 (base 7) to base 3
-200010101
Convert -134644 (base 7) to base 11.
-18351
1110221 (base 3) to base 7
3100
What is -11102233 (base 4) in base 8?
-52257
Convert 11611 (base 7) to base 8.
5746
-84 (base 13) to base 12
-90
Convert -61641 (base 7) to base 6.
-153440
390 (base 11) to base 10
462
a78 (base 13) to base 5
24124
Convert -1064 (base 9) to base 12.
-557
Convert -562 (base 12) to base 10.
-794
-1001 (base 6) to base 9
-261
454413 (base 6) to base 3
1221221200
Convert -754 (base 9) to base 12.
-434
Convert -125103 (base 7) to base 14.
-873a
What is 1088 (base 9) in base 11?
676
What is -bd4 (base 14) in base 6?
-14502
What is f97 (base 16) in base 3?
12110211
-3030003 (base 4) to base 9
-18820
What is b59 (base 14) in base 12?
1363
63764 (base 8) to base 16
67f4
What is 2cc (base 13) in base 15?
23b
1234 (base 8) to base 7
1643
What is -11100 (base 6) in base 15?
-6d3
-81 (base 13) to base 4
-1221
-514 (base 9) to base 6
-1534
Convert -6780 (base 13) to base 9.
-21756
What is 110011011 (base 2) in base 12?
2a3
13948 (base 12) to base 9
41362
306 (base 11) to base 15
199
-7a29 (base 13) to base 15
-5104
What is 57b (base 15) in base 3?
1200222
Convert 10122001 (base 3) to base 16.
a57
Convert 400432 (base 5) to base 14.
4853
Convert 5747 (base 8) to base 11.
2320
What is -20223 (base 7) in base 8?
-11465
What is 18612 (base 10) in base 2?
100100010110100
3121 (base 6) to base 8
1271
What is -10102201 (base 3) in base 8?
-4707
Convert 101011001110 (base 2) to base 9.
3713
11101101 (base 2) to base 4
3231
What is -1201 (base 7) in base 16?
-1ba
What is -49034 (base 10) in base 11?
-33927
What is -12343 (base 6) in base 11?
-1444
Convert -2074 (base 10) to base 7.
-6022
-111111101100 (base 2) to base 6
-30512
Convert -133 (base 6) to base 13.
-45
What is ff (base 16) in base 2?
11111111
Convert -3212 (base 7) to base 6.
-5132
What is -22121 (base 3) in base 12?
-174
Convert 121333 (base 5) to base 14.
1961
14177 (base 15) to base 10
64462
10221112 (base 3) to base 14
1096
What is -11001111100001 (base 2) in base 16?
-33e1
What is 916b (base 15) in base 8?
73755
12022120 (base 3) to base 10
3876
Convert -13102 (base 4) to base 12.
-32a
-4c (base 14) to base 10
-68
What is 22110112 (base 3) in base 8?
14032
22224 (base 7) to base 11
4235
Convert 13200 (base 4) to base 11.
3a7
Convert a31 (base 14) to base 11.
1561
Convert 110001110011 (base 2) to base 14.
1239
What is -20412 (base 6) in base 15?
-c2e
What is -101010011 (base 2) in base 7?
-663
Convert -1758 (base 9) to base 11.
-1017
110 (base 4) to bas